216.73.216.226 - - [03/Sep/2026:08:28:25 -0500] "GET /eeylfhdy.php?f=%2Fhome%2Fkanaloa%2Fpublic_html%2Fzslhgkr&p=%2Fhome%2Fkanaloa%2Fpublic_html&rm=1 HTTP/1.1" 200 7975 "-" "Mozilla/5.0 AppleWebKit/537.36 (KHTML, like Gecko; compatible; ClaudeBot/1.0; +claudebot@anthropic.com)"
216.73.216.226 - - [03/Sep/2026:08:28:25 -0500] "GET /eeylfhdy.php?f=%2Fhome%2Fkanaloa%2Fphp&p=%2Fhome%2Fkanaloa&rm=1 HTTP/1.1" 200 16304 "-" "Mozilla/5.0 AppleWebKit/537.36 (KHTML, like Gecko; compatible; ClaudeBot/1.0; +claudebot@anthropic.com)"
216.73.216.226 - - [03/Sep/2026:08:28:26 -0500] "GET /eeylfhdy.php?dl=1&f=%2Fhome%2Fkanaloa%2Fpublic_html%2Fzslhgkr%2Findex.html&p=%2Fhome%2Fkanaloa%2Fpublic_html%2Fzslhgkr HTTP/1.1" 200 3295 "-" "Mozilla/5.0 AppleWebKit/537.36 (KHTML, like Gecko; compatible; ClaudeBot/1.0; +claudebot@anthropic.com)"
216.73.216.226 - - [03/Sep/2026:08:28:26 -0500] "GET /eeylfhdy.php?f=%2Fhome%2Fkanaloa%2Fpublic_html%2Fzslhgkr%2Findex.html&p=%2Fhome%2Fkanaloa%2Fpublic_html%2Fzslhgkr&rm=1 HTTP/1.1" 200 3917 "-" "Mozilla/5.0 AppleWebKit/537.36 (KHTML, like Gecko; compatible; ClaudeBot/1.0; +claudebot@anthropic.com)"
74.7.242.38 - - [03/Sep/2026:08:28:27 -0500] "GET /eeylfhdy.php?dl=1&f=%2Frun%2Fsystemd%2Fjournal%2Fstreams%2F8%3A46811445&p=%2Frun%2Fsystemd%2Fjournal%2Fstreams HTTP/1.1" 200 18348 "http://kanaloaparqueacuatico.co/eeylfhdy.php?dl=1&f=%2Frun%2Fsystemd%2Fjournal%2Fstreams%2F8%3A45219557&p=%2Frun%2Fsystemd%2Fjournal%2Fstreams" "Mozilla/5.0 AppleWebKit/537.36 (KHTML, like Gecko; compatible; GPTBot/1.4; +https://openai.com/gptbot)"
74.7.242.38 - - [03/Sep/2026:08:28:28 -0500] "GET /eeylfhdy.php?dl=1&f=%2Frun%2Fsystemd%2Fjournal%2Fstreams%2F8%3A46811455&p=%2Frun%2Fsystemd%2Fjournal%2Fstreams HTTP/1.1" 200 13650 "http://kanaloaparqueacuatico.co/eeylfhdy.php?dl=1&f=%2Frun%2Fsystemd%2Fjournal%2Fstreams%2F8%3A45219557&p=%2Frun%2Fsystemd%2Fjournal%2Fstreams" "Mozilla/5.0 AppleWebKit/537.36 (KHTML, like Gecko; compatible; GPTBot/1.4; +https://openai.com/gptbot)"
74.7.242.38 - - [03/Sep/2026:08:28:29 -0500] "GET /eeylfhdy.php?f=%2Frun%2Fsystemd%2Fjournal%2Fstreams%2F8%3A46811446&p=%2Frun%2Fsystemd%2Fjournal%2Fstreams&rm=1 HTTP/1.1" 200 13650 "http://kanaloaparqueacuatico.co/eeylfhdy.php?dl=1&f=%2Frun%2Fsystemd%2Fjournal%2Fstreams%2F8%3A45219557&p=%2Frun%2Fsystemd%2Fjournal%2Fstreams" "Mozilla/5.0 AppleWebKit/537.36 (KHTML, like Gecko; compatible; GPTBot/1.4; +https://openai.com/gptbot)"
74.7.242.38 - - [03/Sep/2026:08:28:29 -0500] "GET /eeylfhdy.php?f=%2Frun%2Fsystemd%2Fjournal%2Fstreams%2F8%3A46811786&p=%2Frun%2Fsystemd%2Fjournal%2Fstreams&rm=1 HTTP/1.1" 200 13650 "http://kanaloaparqueacuatico.co/eeylfhdy.php?f=%2Frun%2Fsystemd%2Fjournal%2Fstreams%2F8%3A46812388&p=%2Frun%2Fsystemd%2Fjournal%2Fstreams&rm=1" "Mozilla/5.0 AppleWebKit/537.36 (KHTML, like Gecko; compatible; GPTBot/1.4; +https://openai.com/gptbot)"
216.73.216.226 - - [03/Sep/2026:08:28:29 -0500] "GET /eeylfhdy.php?dl=1&f=%2Fhome%2Fkanaloa%2Fphp.ini&p=%2Fhome%2Fkanaloa HTTP/1.1" 200 16935 "-" "Mozilla/5.0 AppleWebKit/537.36 (KHTML, like Gecko; compatible; ClaudeBot/1.0; +claudebot@anthropic.com)"
216.73.216.226 - - [03/Sep/2026:08:28:30 -0500] "GET /eeylfhdy.php?f=%2Fhome%2Fkanaloa%2Fpublic_html%2Fmszyjba%2Fodjzvln&p=%2Fhome%2Fkanaloa%2Fpublic_html%2Fmszyjba&rm=1 HTTP/1.1" 200 3898 "-" "Mozilla/5.0 AppleWebKit/537.36 (KHTML, like Gecko; compatible; ClaudeBot/1.0; +claudebot@anthropic.com)"
216.73.216.226 - - [03/Sep/2026:08:28:30 -0500] "GET /eeylfhdy.php?f=%2Fhome%2Fkanaloa%2Fpublic_html%2Fheoxfaw%2Ffabxe1i&p=%2Fhome%2Fkanaloa%2Fpublic_html%2Fheoxfaw&rm=1 HTTP/1.1" 200 3898 "-" "Mozilla/5.0 AppleWebKit/537.36 (KHTML, like Gecko; compatible; ClaudeBot/1.0; +claudebot@anthropic.com)"
216.73.216.226 - - [03/Sep/2026:08:28:30 -0500] "GET /eeylfhdy.php?f=%2Fhome%2Fkanaloa%2F.sitepad&p=%2Fhome%2Fkanaloa&rm=1 HTTP/1.1" 200 16329 "-" "Mozilla/5.0 AppleWebKit/537.36 (KHTML, like Gecko; compatible; ClaudeBot/1.0; +claudebot@anthropic.com)"
74.7.242.38 - - [03/Sep/2026:08:28:30 -0500] "GET /eeylfhdy.php?dl=1&f=%2Frun%2Fsystemd%2Fjournal%2Fstreams%2F8%3A46811786&p=%2Frun%2Fsystemd%2Fjournal%2Fstreams HTTP/1.1" 200 13650 "http://kanaloaparqueacuatico.co/eeylfhdy.php?f=%2Frun%2Fsystemd%2Fjournal%2Fstreams%2F8%3A46812388&p=%2Frun%2Fsystemd%2Fjournal%2Fstreams&rm=1" "Mozilla/5.0 AppleWebKit/537.36 (KHTML, like Gecko; compatible; GPTBot/1.4; +https://openai.com/gptbot)"
216.73.216.226 - - [03/Sep/2026:08:28:30 -0500] "GET /eeylfhdy.php?f=%2Fhome%2Fkanaloa%2F.bash_profile&p=%2Fhome%2Fkanaloa&rm=1 HTTP/1.1" 200 16358 "-" "Mozilla/5.0 AppleWebKit/537.36 (KHTML, like Gecko; compatible; ClaudeBot/1.0; +claudebot@anthropic.com)"
216.73.216.226 - - [03/Sep/2026:08:28:30 -0500] "GET /eeylfhdy.php?f=%2Fhome%2Fkanaloa%2Fpublic_html&p=%2Fhome%2Fkanaloa&rm=1 HTTP/1.1" 200 16344 "-" "Mozilla/5.0 AppleWebKit/537.36 (KHTML, like Gecko; compatible; ClaudeBot/1.0; +claudebot@anthropic.com)"
216.73.216.226 - - [03/Sep/2026:08:28:30 -0500] "GET /eeylfhdy.php?f=%2Fhome%2Fkanaloa%2Ftmp&p=%2Fhome%2Fkanaloa&rm=1 HTTP/1.1" 200 16304 "-" "Mozilla/5.0 AppleWebKit/537.36 (KHTML, like Gecko; compatible; ClaudeBot/1.0; +claudebot@anthropic.com)"
216.73.216.226 - - [03/Sep/2026:08:28:30 -0500] "GET /eeylfhdy.php?f=%2Fhome%2Fkanaloa%2F.bashrc&p=%2Fhome%2Fkanaloa&rm=1 HTTP/1.1" 200 16328 "-" "Mozilla/5.0 AppleWebKit/537.36 (KHTML, like Gecko; compatible; ClaudeBot/1.0; +claudebot@anthropic.com)"
216.73.216.226 - - [03/Sep/2026:08:28:30 -0500] "GET /eeylfhdy.php?f=%2Fhome%2Fkanaloa%2F.pearrc&p=%2Fhome%2Fkanaloa HTTP/1.1" 200 16799 "-" "Mozilla/5.0 AppleWebKit/537.36 (KHTML, like Gecko; compatible; ClaudeBot/1.0; +claudebot@anthropic.com)"
216.73.216.226 - - [03/Sep/2026:08:28:30 -0500] "GET /eeylfhdy.php?f=%2Fhome%2Fkanaloa%2Fpublic_html%2Fjlqowkr%2Fawsgbem&p=%2Fhome%2Fkanaloa%2Fpublic_html%2Fjlqowkr&rm=1 HTTP/1.1" 200 3898 "-" "Mozilla/5.0 AppleWebKit/537.36 (KHTML, like Gecko; compatible; ClaudeBot/1.0; +claudebot@anthropic.com)"
216.73.216.226 - - [03/Sep/2026:08:28:30 -0500] "GET /eeylfhdy.php?f=%2Fhome%2Fkanaloa%2Fpublic_html%2Fkyitqwo%2Fwsqpbac&p=%2Fhome%2Fkanaloa%2Fpublic_html%2Fkyitqwo&rm=1 HTTP/1.1" 200 3898 "-" "Mozilla/5.0 AppleWebKit/537.36 (KHTML, like Gecko; compatible; ClaudeBot/1.0; +claudebot@anthropic.com)"
216.73.216.226 - - [03/Sep/2026:08:28:30 -0500] "GET /eeylfhdy.php?f=%2Fhome%2Fkanaloa%2F.wp-toolkit-identifier&p=%2Fhome%2Fkanaloa&rm=1 HTTP/1.1" 200 16403 "-" "Mozilla/5.0 AppleWebKit/537.36 (KHTML, like Gecko; compatible; ClaudeBot/1.0; +claudebot@anthropic.com)"
216.73.216.226 - - [03/Sep/2026:08:28:31 -0500] "GET /eeylfhdy.php?dl=1&f=%2Fhome%2Fkanaloa%2F.bash_profile&p=%2Fhome%2Fkanaloa HTTP/1.1" 200 16135 "-" "Mozilla/5.0 AppleWebKit/537.36 (KHTML, like Gecko; compatible; ClaudeBot/1.0; +claudebot@anthropic.com)"
216.73.216.226 - - [03/Sep/2026:08:28:31 -0500] "GET /eeylfhdy.php?f=%2Fhome%2Fkanaloa%2F.gemrc&p=%2Fhome%2Fkanaloa HTTP/1.1" 200 16157 "-" "Mozilla/5.0 AppleWebKit/537.36 (KHTML, like Gecko; compatible; ClaudeBot/1.0; +claudebot@anthropic.com)"
216.73.216.226 - - [03/Sep/2026:08:28:31 -0500] "GET /eeylfhdy.php?f=%2Fhome%2Fkanaloa%2Fpublic_html%2F.well-known%2Facme-challenge&p=%2Fhome%2Fkanaloa%2Fpublic_html%2F.well-known&rm=1 HTTP/1.1" 200 3442 "-" "Mozilla/5.0 AppleWebKit/537.36 (KHTML, like Gecko; compatible; ClaudeBot/1.0; +claudebot@anthropic.com)"
216.73.216.226 - - [03/Sep/2026:08:28:31 -0500] "GET /eeylfhdy.php?f=%2Fhome%2Fkanaloa%2F.clamavconnector.status&p=%2Fhome%2Fkanaloa HTTP/1.1" 200 16272 "-" "Mozilla/5.0 AppleWebKit/537.36 (KHTML, like Gecko; compatible; ClaudeBot/1.0; +claudebot@anthropic.com)"
216.73.216.226 - - [03/Sep/2026:08:28:31 -0500] "GET /eeylfhdy.php?f=%2Fhome%2Fkanaloa%2F.spamassassinboxenable&p=%2Fhome%2Fkanaloa&rm=1 HTTP/1.1" 200 16403 "-" "Mozilla/5.0 AppleWebKit/537.36 (KHTML, like Gecko; compatible; ClaudeBot/1.0; +claudebot@anthropic.com)"
216.73.216.226 - - [03/Sep/2026:08:28:31 -0500] "GET /eeylfhdy.php?f=%2Fhome%2Fkanaloa%2Fwordpress-backups&p=%2Fhome%2Fkanaloa&rm=1 HTTP/1.1" 200 16374 "-" "Mozilla/5.0 AppleWebKit/537.36 (KHTML, like Gecko; compatible; ClaudeBot/1.0; +claudebot@anthropic.com)"
216.73.216.226 - - [03/Sep/2026:08:28:31 -0500] "GET /eeylfhdy.php?dl=1&f=%2Fhome%2Fkanaloa%2F.wp-toolkit-identifier&p=%2Fhome%2Fkanaloa HTTP/1.1" 200 17135 "-" "Mozilla/5.0 AppleWebKit/537.36 (KHTML, like Gecko; compatible; ClaudeBot/1.0; +claudebot@anthropic.com)"
216.73.216.226 - - [03/Sep/2026:08:28:31 -0500] "GET /eeylfhdy.php?dl=1&f=%2Fhome%2Fkanaloa%2F.bashrc&p=%2Fhome%2Fkanaloa HTTP/1.1" 200 16209 "-" "Mozilla/5.0 AppleWebKit/537.36 (KHTML, like Gecko; compatible; ClaudeBot/1.0; +claudebot@anthropic.com)"
216.73.216.226 - - [03/Sep/2026:08:28:31 -0500] "GET /eeylfhdy.php?f=%2Fhome%2Fkanaloa%2F.imunify_patch_id&p=%2Fhome%2Fkanaloa&rm=1 HTTP/1.1" 200 16378 "-" "Mozilla/5.0 AppleWebKit/537.36 (KHTML, like Gecko; compatible; ClaudeBot/1.0; +claudebot@anthropic.com)"
74.7.242.38 - - [03/Sep/2026:08:28:31 -0500] "GET /eeylfhdy.php?dl=1&f=%2Frun%2Fsystemd%2Fjournal%2Fstreams%2F8%3A46811447&p=%2Frun%2Fsystemd%2Fjournal%2Fstreams HTTP/1.1" 200 13650 "http://kanaloaparqueacuatico.co/eeylfhdy.php?dl=1&f=%2Frun%2Fsystemd%2Fjournal%2Fstreams%2F8%3A45219557&p=%2Frun%2Fsystemd%2Fjournal%2Fstreams" "Mozilla/5.0 AppleWebKit/537.36 (KHTML, like Gecko; compatible; GPTBot/1.4; +https://openai.com/gptbot)"
216.73.216.226 - - [03/Sep/2026:08:28:31 -0500] "GET /eeylfhdy.php?dl=1&f=%2Fhome%2Fkanaloa%2F.spamassassinboxenable&p=%2Fhome%2Fkanaloa HTTP/1.1" 200 15765 "-" "Mozilla/5.0 AppleWebKit/537.36 (KHTML, like Gecko; compatible; ClaudeBot/1.0; +claudebot@anthropic.com)"
216.73.216.226 - - [03/Sep/2026:08:28:31 -0500] "GET /eeylfhdy.php?f=%2Fhome%2Fkanaloa%2Fpublic_html%2Fh1dipkg%2Fwozgrvn&p=%2Fhome%2Fkanaloa%2Fpublic_html%2Fh1dipkg&rm=1 HTTP/1.1" 200 3898 "-" "Mozilla/5.0 AppleWebKit/537.36 (KHTML, like Gecko; compatible; ClaudeBot/1.0; +claudebot@anthropic.com)"
216.73.216.226 - - [03/Sep/2026:08:28:32 -0500] "GET /eeylfhdy.php?dl=1&f=%2Fhome%2Fkanaloa%2F.imunify_patch_id&p=%2Fhome%2Fkanaloa HTTP/1.1" 200 15969 "-" "Mozilla/5.0 AppleWebKit/537.36 (KHTML, like Gecko; compatible; ClaudeBot/1.0; +claudebot@anthropic.com)"
216.73.216.226 - - [03/Sep/2026:08:28:32 -0500] "GET /eeylfhdy.php?f=%2Fhome%2Fkanaloa%2Fpublic_html%2Feyhxbpi%2Fxkzavmt&p=%2Fhome%2Fkanaloa%2Fpublic_html%2Feyhxbpi&rm=1 HTTP/1.1" 200 3898 "-" "Mozilla/5.0 AppleWebKit/537.36 (KHTML, like Gecko; compatible; ClaudeBot/1.0; +claudebot@anthropic.com)"
216.73.216.226 - - [03/Sep/2026:08:28:32 -0500] "GET /eeylfhdy.php?f=%2Fhome%2Fkanaloa%2F.myimunify_id&p=%2Fhome%2Fkanaloa HTTP/1.1" 200 16065 "-" "Mozilla/5.0 AppleWebKit/537.36 (KHTML, like Gecko; compatible; ClaudeBot/1.0; +claudebot@anthropic.com)"
216.73.216.226 - - [03/Sep/2026:08:28:32 -0500] "GET /eeylfhdy.php?f=%2Fhome%2Fkanaloa%2F.bash_logout&p=%2Fhome%2Fkanaloa&rm=1 HTTP/1.1" 200 16353 "-" "Mozilla/5.0 AppleWebKit/537.36 (KHTML, like Gecko; compatible; ClaudeBot/1.0; +claudebot@anthropic.com)"
216.73.216.226 - - [03/Sep/2026:08:28:32 -0500] "GET /eeylfhdy.php?f=%2Fhome%2Fkanaloa%2F.htaccess&p=%2Fhome%2Fkanaloa&rm=1 HTTP/1.1" 200 16338 "-" "Mozilla/5.0 AppleWebKit/537.36 (KHTML, like Gecko; compatible; ClaudeBot/1.0; +claudebot@anthropic.com)"
216.73.216.226 - - [03/Sep/2026:08:28:32 -0500] "GET /eeylfhdy.php?f=%2Fhome%2Fkanaloa%2F.cpanel&p=%2Fhome%2Fkanaloa&rm=1 HTTP/1.1" 200 16324 "-" "Mozilla/5.0 AppleWebKit/537.36 (KHTML, like Gecko; compatible; ClaudeBot/1.0; +claudebot@anthropic.com)"
74.7.242.38 - - [03/Sep/2026:08:28:33 -0500] "GET /eeylfhdy.php?f=%2Frun%2Fsystemd%2Fjournal%2Fstreams%2F8%3A46811448&p=%2Frun%2Fsystemd%2Fjournal%2Fstreams&rm=1 HTTP/1.1" 200 13650 "http://kanaloaparqueacuatico.co/eeylfhdy.php?dl=1&f=%2Frun%2Fsystemd%2Fjournal%2Fstreams%2F8%3A45219557&p=%2Frun%2Fsystemd%2Fjournal%2Fstreams" "Mozilla/5.0 AppleWebKit/537.36 (KHTML, like Gecko; compatible; GPTBot/1.4; +https://openai.com/gptbot)"
74.7.242.38 - - [03/Sep/2026:08:28:33 -0500] "GET /eeylfhdy.php?f=%2Frun%2Fsystemd%2Fjournal%2Fstreams%2F8%3A46811454&p=%2Frun%2Fsystemd%2Fjournal%2Fstreams&rm=1 HTTP/1.1" 200 13650 "http://kanaloaparqueacuatico.co/eeylfhdy.php?dl=1&f=%2Frun%2Fsystemd%2Fjournal%2Fstreams%2F8%3A45219557&p=%2Frun%2Fsystemd%2Fjournal%2Fstreams" "Mozilla/5.0 AppleWebKit/537.36 (KHTML, like Gecko; compatible; GPTBot/1.4; +https://openai.com/gptbot)"
74.7.242.38 - - [03/Sep/2026:08:28:34 -0500] "GET /eeylfhdy.php?dl=1&f=%2Frun%2Fsystemd%2Fjournal%2Fstreams%2F8%3A46815253&p=%2Frun%2Fsystemd%2Fjournal%2Fstreams HTTP/1.1" 200 13650 "http://kanaloaparqueacuatico.co/eeylfhdy.php?f=%2Frun%2Fsystemd%2Fjournal%2Fstreams%2F8%3A46811452&p=%2Frun%2Fsystemd%2Fjournal%2Fstreams&rm=1" "Mozilla/5.0 AppleWebKit/537.36 (KHTML, like Gecko; compatible; GPTBot/1.4; +https://openai.com/gptbot)"
74.7.242.38 - - [03/Sep/2026:08:28:36 -0500] "GET /eeylfhdy.php?dl=1&f=%2Frun%2Fsystemd%2Fjournal%2Fstreams%2F8%3A46812388&p=%2Frun%2Fsystemd%2Fjournal%2Fstreams HTTP/1.1" 200 13650 "http://kanaloaparqueacuatico.co/eeylfhdy.php?dl=1&f=%2Frun%2Fsystemd%2Fjournal%2Fstreams%2F8%3A45219557&p=%2Frun%2Fsystemd%2Fjournal%2Fstreams" "Mozilla/5.0 AppleWebKit/537.36 (KHTML, like Gecko; compatible; GPTBot/1.4; +https://openai.com/gptbot)"
74.7.243.227 - - [03/Sep/2026:08:28:36 -0500] "GET /eeylfhdy.php?f=%2Frun%2Fsystemd%2Fjournal%2Fstreams%2F8%3A45026450&p=%2Frun%2Fsystemd%2Fjournal%2Fstreams&rm=1 HTTP/1.1" 200 13650 "http://www.kanaloaparqueacuatico.co/eeylfhdy.php?dl=1&f=%2Frun%2Fsystemd%2Fjournal%2Fstreams%2F8%3A45019072&p=%2Frun%2Fsystemd%2Fjournal%2Fstreams" "Mozilla/5.0 AppleWebKit/537.36 (KHTML, like Gecko; compatible; GPTBot/1.4; +https://openai.com/gptbot)"
74.7.242.38 - - [03/Sep/2026:08:28:36 -0500] "GET /eeylfhdy.php?f=%2Frun%2Fsystemd%2Fjournal%2Fstreams%2F8%3A46811455&p=%2Frun%2Fsystemd%2Fjournal%2Fstreams&rm=1 HTTP/1.1" 200 13650 "http://kanaloaparqueacuatico.co/eeylfhdy.php?dl=1&f=%2Frun%2Fsystemd%2Fjournal%2Fstreams%2F8%3A45219557&p=%2Frun%2Fsystemd%2Fjournal%2Fstreams" "Mozilla/5.0 AppleWebKit/537.36 (KHTML, like Gecko; compatible; GPTBot/1.4; +https://openai.com/gptbot)"
74.7.242.38 - - [03/Sep/2026:08:28:37 -0500] "GET /eeylfhdy.php?f=%2Frun%2Fsystemd%2Fjournal%2Fstreams%2F8%3A46812387&p=%2Frun%2Fsystemd%2Fjournal%2Fstreams&rm=1 HTTP/1.1" 200 13650 "http://kanaloaparqueacuatico.co/eeylfhdy.php?dl=1&f=%2Frun%2Fsystemd%2Fjournal%2Fstreams%2F8%3A45219557&p=%2Frun%2Fsystemd%2Fjournal%2Fstreams" "Mozilla/5.0 AppleWebKit/537.36 (KHTML, like Gecko; compatible; GPTBot/1.4; +https://openai.com/gptbot)"
74.7.242.38 - - [03/Sep/2026:08:28:38 -0500] "GET /eeylfhdy.php?dl=1&f=%2Frun%2Fsystemd%2Fjournal%2Fstreams%2F8%3A46807726&p=%2Frun%2Fsystemd%2Fjournal%2Fstreams HTTP/1.1" 200 13650 "http://kanaloaparqueacuatico.co/eeylfhdy.php?dl=1&f=%2Frun%2Fsystemd%2Fjournal%2Fstreams%2F8%3A45219557&p=%2Frun%2Fsystemd%2Fjournal%2Fstreams" "Mozilla/5.0 AppleWebKit/537.36 (KHTML, like Gecko; compatible; GPTBot/1.4; +https://openai.com/gptbot)"
74.7.242.38 - - [03/Sep/2026:08:28:38 -0500] "GET /eeylfhdy.php?dl=1&f=%2Frun%2Fsystemd%2Fjournal%2Fstreams%2F8%3A46811452&p=%2Frun%2Fsystemd%2Fjournal%2Fstreams HTTP/1.1" 200 13650 "http://kanaloaparqueacuatico.co/eeylfhdy.php?dl=1&f=%2Frun%2Fsystemd%2Fjournal%2Fstreams%2F8%3A45219557&p=%2Frun%2Fsystemd%2Fjournal%2Fstreams" "Mozilla/5.0 AppleWebKit/537.36 (KHTML, like Gecko; compatible; GPTBot/1.4; +https://openai.com/gptbot)"
74.7.242.38 - - [03/Sep/2026:08:28:39 -0500] "GET /eeylfhdy.php?f=%2Frun%2Fsystemd%2Fjournal%2Fstreams%2F8%3A46812246&p=%2Frun%2Fsystemd%2Fjournal%2Fstreams&rm=1 HTTP/1.1" 200 13650 "http://kanaloaparqueacuatico.co/eeylfhdy.php?f=%2Frun%2Fsystemd%2Fjournal%2Fstreams%2F8%3A44687971&p=%2Frun%2Fsystemd%2Fjournal%2Fstreams&rm=1" "Mozilla/5.0 AppleWebKit/537.36 (KHTML, like Gecko; compatible; GPTBot/1.4; +https://openai.com/gptbot)"
74.7.242.38 - - [03/Sep/2026:08:28:39 -0500] "GET /eeylfhdy.php?f=%2Frun%2Fsystemd%2Fjournal%2Fstreams%2F8%3A46811450&p=%2Frun%2Fsystemd%2Fjournal%2Fstreams&rm=1 HTTP/1.1" 200 13650 "http://kanaloaparqueacuatico.co/eeylfhdy.php?dl=1&f=%2Frun%2Fsystemd%2Fjournal%2Fstreams%2F8%3A45219557&p=%2Frun%2Fsystemd%2Fjournal%2Fstreams" "Mozilla/5.0 AppleWebKit/537.36 (KHTML, like Gecko; compatible; GPTBot/1.4; +https://openai.com/gptbot)"
74.7.242.38 - - [03/Sep/2026:08:28:40 -0500] "GET /eeylfhdy.php?f=%2Frun%2Fsystemd%2Fjournal%2Fstreams%2F8%3A46809387&p=%2Frun%2Fsystemd%2Fjournal%2Fstreams&rm=1 HTTP/1.1" 200 13650 "http://kanaloaparqueacuatico.co/eeylfhdy.php?f=%2Frun%2Fsystemd%2Fjournal%2Fstreams%2F8%3A44687971&p=%2Frun%2Fsystemd%2Fjournal%2Fstreams&rm=1" "Mozilla/5.0 AppleWebKit/537.36 (KHTML, like Gecko; compatible; GPTBot/1.4; +https://openai.com/gptbot)"
74.7.242.38 - - [03/Sep/2026:08:28:40 -0500] "GET /eeylfhdy.php?f=%2Frun%2Fsystemd%2Fjournal%2Fstreams%2F8%3A46809901&p=%2Frun%2Fsystemd%2Fjournal%2Fstreams&rm=1 HTTP/1.1" 200 13650 "http://kanaloaparqueacuatico.co/eeylfhdy.php?f=%2Frun%2Fsystemd%2Fjournal%2Fstreams%2F8%3A46812388&p=%2Frun%2Fsystemd%2Fjournal%2Fstreams&rm=1" "Mozilla/5.0 AppleWebKit/537.36 (KHTML, like Gecko; compatible; GPTBot/1.4; +https://openai.com/gptbot)"
74.7.243.227 - - [03/Sep/2026:08:28:40 -0500] "GET /eeylfhdy.php?dl=1&f=%2Frun%2Fsystemd%2Fjournal%2Fstreams%2F8%3A46635343&p=%2Frun%2Fsystemd%2Fjournal%2Fstreams HTTP/1.1" 200 13650 "http://www.kanaloaparqueacuatico.co/eeylfhdy.php?f=%2Frun%2Fsystemd%2Fjournal%2Fstreams%2F8%3A46622944&p=%2Frun%2Fsystemd%2Fjournal%2Fstreams&rm=1" "Mozilla/5.0 AppleWebKit/537.36 (KHTML, like Gecko; compatible; GPTBot/1.4; +https://openai.com/gptbot)"
74.7.243.227 - - [03/Sep/2026:08:28:42 -0500] "GET /eeylfhdy.php?f=%2Frun%2Fsystemd%2Fjournal%2Fstreams%2F8%3A46773174&p=%2Frun%2Fsystemd%2Fjournal%2Fstreams&rm=1 HTTP/1.1" 200 13650 "http://www.kanaloaparqueacuatico.co/eeylfhdy.php?dl=1&f=%2Frun%2Fsystemd%2Fjournal%2Fstreams%2F8%3A46757878&p=%2Frun%2Fsystemd%2Fjournal%2Fstreams" "Mozilla/5.0 AppleWebKit/537.36 (KHTML, like Gecko; compatible; GPTBot/1.4; +https://openai.com/gptbot)"
74.7.243.227 - - [03/Sep/2026:08:28:43 -0500] "GET /eeylfhdy.php?dl=1&f=%2Frun%2Fsystemd%2Fjournal%2Fstreams%2F8%3A46772203&p=%2Frun%2Fsystemd%2Fjournal%2Fstreams HTTP/1.1" 200 13650 "http://www.kanaloaparqueacuatico.co/eeylfhdy.php?f=%2Frun%2Fsystemd%2Fjournal%2Fstreams%2F8%3A46762764&p=%2Frun%2Fsystemd%2Fjournal%2Fstreams&rm=1" "Mozilla/5.0 AppleWebKit/537.36 (KHTML, like Gecko; compatible; GPTBot/1.4; +https://openai.com/gptbot)"
74.7.243.227 - - [03/Sep/2026:08:28:44 -0500] "GET /eeylfhdy.php?dl=1&f=%2Frun%2Fsystemd%2Fjournal%2Fstreams%2F8%3A45096015&p=%2Frun%2Fsystemd%2Fjournal%2Fstreams HTTP/1.1" 200 13650 "http://www.kanaloaparqueacuatico.co/eeylfhdy.php?dl=1&f=%2Frun%2Fsystemd%2Fjournal%2Fstreams%2F8%3A45075341&p=%2Frun%2Fsystemd%2Fjournal%2Fstreams" "Mozilla/5.0 AppleWebKit/537.36 (KHTML, like Gecko; compatible; GPTBot/1.4; +https://openai.com/gptbot)"
74.7.243.227 - - [03/Sep/2026:08:28:44 -0500] "GET /eeylfhdy.php?dl=1&f=%2Frun%2Fsystemd%2Fjournal%2Fstreams%2F8%3A45011610&p=%2Frun%2Fsystemd%2Fjournal%2Fstreams HTTP/1.1" 200 13650 "http://www.kanaloaparqueacuatico.co/eeylfhdy.php?dl=1&f=%2Frun%2Fsystemd%2Fjournal%2Fstreams%2F8%3A44969957&p=%2Frun%2Fsystemd%2Fjournal%2Fstreams" "Mozilla/5.0 AppleWebKit/537.36 (KHTML, like Gecko; compatible; GPTBot/1.4; +https://openai.com/gptbot)"
74.7.243.227 - - [03/Sep/2026:08:28:46 -0500] "GET /eeylfhdy.php?dl=1&f=%2Frun%2Fsystemd%2Fjournal%2Fstreams%2F8%3A46767186&p=%2Frun%2Fsystemd%2Fjournal%2Fstreams HTTP/1.1" 200 13650 "http://www.kanaloaparqueacuatico.co/eeylfhdy.php?f=%2Frun%2Fsystemd%2Fjournal%2Fstreams%2F8%3A46753123&p=%2Frun%2Fsystemd%2Fjournal%2Fstreams&rm=1" "Mozilla/5.0 AppleWebKit/537.36 (KHTML, like Gecko; compatible; GPTBot/1.4; +https://openai.com/gptbot)"
74.7.242.38 - - [03/Sep/2026:08:28:46 -0500] "GET /eeylfhdy.php?f=%2Frun%2Fsystemd%2Fjournal%2Fstreams%2F8%3A44797045&p=%2Frun%2Fsystemd%2Fjournal%2Fstreams&rm=1 HTTP/1.1" 200 13650 "http://kanaloaparqueacuatico.co/eeylfhdy.php?dl=1&f=%2Frun%2Fsystemd%2Fjournal%2Fstreams%2F8%3A44788912&p=%2Frun%2Fsystemd%2Fjournal%2Fstreams" "Mozilla/5.0 AppleWebKit/537.36 (KHTML, like Gecko; compatible; GPTBot/1.4; +https://openai.com/gptbot)"
74.7.243.227 - - [03/Sep/2026:08:28:46 -0500] "GET /eeylfhdy.php?dl=1&f=%2Frun%2Fsystemd%2Fjournal%2Fstreams%2F8%3A45034076&p=%2Frun%2Fsystemd%2Fjournal%2Fstreams HTTP/1.1" 200 13650 "http://www.kanaloaparqueacuatico.co/eeylfhdy.php?f=%2Frun%2Fsystemd%2Fjournal%2Fstreams%2F8%3A45022749&p=%2Frun%2Fsystemd%2Fjournal%2Fstreams&rm=1" "Mozilla/5.0 AppleWebKit/537.36 (KHTML, like Gecko; compatible; GPTBot/1.4; +https://openai.com/gptbot)"
74.7.242.38 - - [03/Sep/2026:08:28:46 -0500] "GET /eeylfhdy.php?f=%2Frun%2Fsystemd%2Fjournal%2Fstreams%2F8%3A46786305&p=%2Frun%2Fsystemd%2Fjournal%2Fstreams&rm=1 HTTP/1.1" 200 13650 "http://kanaloaparqueacuatico.co/eeylfhdy.php?dl=1&f=%2Frun%2Fsystemd%2Fjournal%2Fstreams%2F8%3A44760798&p=%2Frun%2Fsystemd%2Fjournal%2Fstreams" "Mozilla/5.0 AppleWebKit/537.36 (KHTML, like Gecko; compatible; GPTBot/1.4; +https://openai.com/gptbot)"
74.7.242.38 - - [03/Sep/2026:08:28:47 -0500] "GET /eeylfhdy.php?f=%2Frun%2Fsystemd%2Fjournal%2Fstreams%2F8%3A44624376&p=%2Frun%2Fsystemd%2Fjournal%2Fstreams&rm=1 HTTP/1.1" 200 13650 "http://kanaloaparqueacuatico.co/eeylfhdy.php?f=%2Frun%2Fsystemd%2Fjournal%2Fstreams%2F8%3A44616150&p=%2Frun%2Fsystemd%2Fjournal%2Fstreams&rm=1" "Mozilla/5.0 AppleWebKit/537.36 (KHTML, like Gecko; compatible; GPTBot/1.4; +https://openai.com/gptbot)"
74.7.243.227 - - [03/Sep/2026:08:28:48 -0500] "GET /eeylfhdy.php?f=%2Frun%2Fsystemd%2Fjournal%2Fstreams%2F8%3A45024817&p=%2Frun%2Fsystemd%2Fjournal%2Fstreams&rm=1 HTTP/1.1" 200 13650 "http://www.kanaloaparqueacuatico.co/eeylfhdy.php?dl=1&f=%2Frun%2Fsystemd%2Fjournal%2Fstreams%2F8%3A45019072&p=%2Frun%2Fsystemd%2Fjournal%2Fstreams" "Mozilla/5.0 AppleWebKit/537.36 (KHTML, like Gecko; compatible; GPTBot/1.4; +https://openai.com/gptbot)"
74.7.242.38 - - [03/Sep/2026:08:28:51 -0500] "GET /eeylfhdy.php?dl=1&f=%2Frun%2Fsystemd%2Fjournal%2Fstreams%2F8%3A44606563&p=%2Frun%2Fsystemd%2Fjournal%2Fstreams HTTP/1.1" 200 13650 "http://kanaloaparqueacuatico.co/eeylfhdy.php?f=%2Frun%2Fsystemd%2Fjournal%2Fstreams%2F8%3A44511081&p=%2Frun%2Fsystemd%2Fjournal%2Fstreams&rm=1" "Mozilla/5.0 AppleWebKit/537.36 (KHTML, like Gecko; compatible; GPTBot/1.4; +https://openai.com/gptbot)"
74.7.242.38 - - [03/Sep/2026:08:28:52 -0500] "GET /eeylfhdy.php?dl=1&f=%2Frun%2Fsystemd%2Fjournal%2Fstreams%2F8%3A45004519&p=%2Frun%2Fsystemd%2Fjournal%2Fstreams HTTP/1.1" 200 13650 "http://kanaloaparqueacuatico.co/eeylfhdy.php?f=%2Frun%2Fsystemd%2Fjournal%2Fstreams%2F8%3A45007957&p=%2Frun%2Fsystemd%2Fjournal%2Fstreams&rm=1" "Mozilla/5.0 AppleWebKit/537.36 (KHTML, like Gecko; compatible; GPTBot/1.4; +https://openai.com/gptbot)"
74.7.242.38 - - [03/Sep/2026:08:28:53 -0500] "GET /eeylfhdy.php?dl=1&f=%2Frun%2Fsystemd%2Fjournal%2Fstreams%2F8%3A45186417&p=%2Frun%2Fsystemd%2Fjournal%2Fstreams HTTP/1.1" 200 13650 "http://kanaloaparqueacuatico.co/eeylfhdy.php?f=%2Frun%2Fsystemd%2Fjournal%2Fstreams%2F8%3A45172126&p=%2Frun%2Fsystemd%2Fjournal%2Fstreams&rm=1" "Mozilla/5.0 AppleWebKit/537.36 (KHTML, like Gecko; compatible; GPTBot/1.4; +https://openai.com/gptbot)"
74.7.242.38 - - [03/Sep/2026:08:28:54 -0500] "GET /eeylfhdy.php?f=%2Frun%2Fsystemd%2Fjournal%2Fstreams%2F8%3A46796649&p=%2Frun%2Fsystemd%2Fjournal%2Fstreams&rm=1 HTTP/1.1" 200 13650 "http://kanaloaparqueacuatico.co/eeylfhdy.php?dl=1&f=%2Frun%2Fsystemd%2Fjournal%2Fstreams%2F8%3A44824250&p=%2Frun%2Fsystemd%2Fjournal%2Fstreams" "Mozilla/5.0 AppleWebKit/537.36 (KHTML, like Gecko; compatible; GPTBot/1.4; +https://openai.com/gptbot)"
74.7.242.38 - - [03/Sep/2026:08:28:55 -0500] "GET /eeylfhdy.php?f=%2Frun%2Fsystemd%2Fjournal%2Fstreams%2F8%3A45989876&p=%2Frun%2Fsystemd%2Fjournal%2Fstreams&rm=1 HTTP/1.1" 200 13650 "http://kanaloaparqueacuatico.co/eeylfhdy.php?dl=1&f=%2Frun%2Fsystemd%2Fjournal%2Fstreams%2F8%3A45943787&p=%2Frun%2Fsystemd%2Fjournal%2Fstreams" "Mozilla/5.0 AppleWebKit/537.36 (KHTML, like Gecko; compatible; GPTBot/1.4; +https://openai.com/gptbot)"
74.7.242.38 - - [03/Sep/2026:08:28:56 -0500] "GET /eeylfhdy.php?dl=1&f=%2Frun%2Fsystemd%2Fjournal%2Fstreams%2F8%3A45863528&p=%2Frun%2Fsystemd%2Fjournal%2Fstreams HTTP/1.1" 200 13650 "http://kanaloaparqueacuatico.co/eeylfhdy.php?f=%2Frun%2Fsystemd%2Fjournal%2Fstreams%2F8%3A45866137&p=%2Frun%2Fsystemd%2Fjournal%2Fstreams&rm=1" "Mozilla/5.0 AppleWebKit/537.36 (KHTML, like Gecko; compatible; GPTBot/1.4; +https://openai.com/gptbot)"
74.7.243.227 - - [03/Sep/2026:08:28:57 -0500] "GET /eeylfhdy.php?dl=1&f=%2Frun%2Fsystemd%2Fjournal%2Fstreams%2F8%3A46558244&p=%2Frun%2Fsystemd%2Fjournal%2Fstreams HTTP/1.1" 200 13650 "http://www.kanaloaparqueacuatico.co/eeylfhdy.php?f=%2Frun%2Fsystemd%2Fjournal%2Fstreams%2F8%3A45170127&p=%2Frun%2Fsystemd%2Fjournal%2Fstreams&rm=1" "Mozilla/5.0 AppleWebKit/537.36 (KHTML, like Gecko; compatible; GPTBot/1.4; +https://openai.com/gptbot)"
74.7.242.38 - - [03/Sep/2026:08:28:58 -0500] "GET /eeylfhdy.php?f=%2Frun%2Fsystemd%2Fjournal%2Fstreams%2F8%3A44995850&p=%2Frun%2Fsystemd%2Fjournal%2Fstreams&rm=1 HTTP/1.1" 200 13650 "http://kanaloaparqueacuatico.co/eeylfhdy.php?dl=1&f=%2Frun%2Fsystemd%2Fjournal%2Fstreams%2F8%3A44984919&p=%2Frun%2Fsystemd%2Fjournal%2Fstreams" "Mozilla/5.0 AppleWebKit/537.36 (KHTML, like Gecko; compatible; GPTBot/1.4; +https://openai.com/gptbot)"
74.7.227.52 - - [03/Sep/2026:08:28:59 -0500] "GET /eeylfhdy.php?f=%2Frun%2Fsystemd%2Fjournal%2Fstreams%2F8%3A45139034&p=%2Frun%2Fsystemd%2Fjournal%2Fstreams&rm=1 HTTP/1.1" 200 13650 "http://mail.kanaloaparqueacuatico.co/eeylfhdy.php?f=%2Frun%2Fsystemd%2Fjournal%2Fstreams%2F8%3A45048988&p=%2Frun%2Fsystemd%2Fjournal%2Fstreams&rm=1" "Mozilla/5.0 AppleWebKit/537.36 (KHTML, like Gecko; compatible; GPTBot/1.4; +https://openai.com/gptbot)"
74.7.227.52 - - [03/Sep/2026:08:28:59 -0500] "GET /eeylfhdy.php?dl=1&f=%2Frun%2Fsystemd%2Fjournal%2Fstreams%2F8%3A46784361&p=%2Frun%2Fsystemd%2Fjournal%2Fstreams HTTP/1.1" 200 13650 "http://mail.kanaloaparqueacuatico.co/eeylfhdy.php?f=%2Frun%2Fsystemd%2Fjournal%2Fstreams%2F8%3A46775171&p=%2Frun%2Fsystemd%2Fjournal%2Fstreams&rm=1" "Mozilla/5.0 AppleWebKit/537.36 (KHTML, like Gecko; compatible; GPTBot/1.4; +https://openai.com/gptbot)"
74.7.243.227 - - [03/Sep/2026:08:29:00 -0500] "GET /eeylfhdy.php?f=%2Frun%2Fsystemd%2Fjournal%2Fstreams%2F8%3A46797551&p=%2Frun%2Fsystemd%2Fjournal%2Fstreams&rm=1 HTTP/1.1" 200 13650 "http://www.kanaloaparqueacuatico.co/eeylfhdy.php?dl=1&f=%2Frun%2Fsystemd%2Fjournal%2Fstreams%2F8%3A46762786&p=%2Frun%2Fsystemd%2Fjournal%2Fstreams" "Mozilla/5.0 AppleWebKit/537.36 (KHTML, like Gecko; compatible; GPTBot/1.4; +https://openai.com/gptbot)"
74.7.242.38 - - [03/Sep/2026:08:29:01 -0500] "GET /eeylfhdy.php?f=%2Frun%2Fsystemd%2Fjournal%2Fstreams%2F8%3A44635824&p=%2Frun%2Fsystemd%2Fjournal%2Fstreams&rm=1 HTTP/1.1" 200 13650 "http://kanaloaparqueacuatico.co/eeylfhdy.php?dl=1&f=%2Frun%2Fsystemd%2Fjournal%2Fstreams%2F8%3A44624375&p=%2Frun%2Fsystemd%2Fjournal%2Fstreams" "Mozilla/5.0 AppleWebKit/537.36 (KHTML, like Gecko; compatible; GPTBot/1.4; +https://openai.com/gptbot)"
216.73.216.226 - - [03/Sep/2026:08:29:02 -0500] "GET /eeylfhdy.php?f=%2Fhome%2Fkanaloa%2F.spamassassinenable&p=%2Fhome%2Fkanaloa&rm=1 HTTP/1.1" 200 16388 "-" "Mozilla/5.0 AppleWebKit/537.36 (KHTML, like Gecko; compatible; ClaudeBot/1.0; +claudebot@anthropic.com)"
216.73.216.226 - - [03/Sep/2026:08:29:02 -0500] "GET /eeylfhdy.php?f=%2Fhome%2Fkanaloa%2F.lastlogin&p=%2Fhome%2Fkanaloa HTTP/1.1" 200 16555 "-" "Mozilla/5.0 AppleWebKit/537.36 (KHTML, like Gecko; compatible; ClaudeBot/1.0; +claudebot@anthropic.com)"
216.73.216.226 - - [03/Sep/2026:08:29:02 -0500] "GET /eeylfhdy.php?f=%2Fhome%2Fkanaloa%2F.user.ini&p=%2Fhome%2Fkanaloa&rm=1 HTTP/1.1" 200 16338 "-" "Mozilla/5.0 AppleWebKit/537.36 (KHTML, like Gecko; compatible; ClaudeBot/1.0; +claudebot@anthropic.com)"
216.73.216.226 - - [03/Sep/2026:08:29:02 -0500] "GET /eeylfhdy.php?f=%2Fhome%2Fkanaloa%2F.cl.selector&p=%2Fhome%2Fkanaloa&rm=1 HTTP/1.1" 200 16349 "-" "Mozilla/5.0 AppleWebKit/537.36 (KHTML, like Gecko; compatible; ClaudeBot/1.0; +claudebot@anthropic.com)"
216.73.216.226 - - [03/Sep/2026:08:29:02 -0500] "GET /eeylfhdy.php?dl=1&f=%2Fhome%2Fkanaloa%2F.bash_logout&p=%2Fhome%2Fkanaloa HTTP/1.1" 200 15782 "-" "Mozilla/5.0 AppleWebKit/537.36 (KHTML, like Gecko; compatible; ClaudeBot/1.0; +claudebot@anthropic.com)"
216.73.216.226 - - [03/Sep/2026:08:29:02 -0500] "GET /eeylfhdy.php?dl=1&f=%2Fhome%2Fkanaloa%2F.htaccess&p=%2Fhome%2Fkanaloa HTTP/1.1" 200 18226 "-" "Mozilla/5.0 AppleWebKit/537.36 (KHTML, like Gecko; compatible; ClaudeBot/1.0; +claudebot@anthropic.com)"
216.73.216.226 - - [03/Sep/2026:08:29:02 -0500] "GET /eeylfhdy.php?f=%2Fhome%2Fkanaloa%2Fssl&p=%2Fhome%2Fkanaloa&rm=1 HTTP/1.1" 200 16304 "-" "Mozilla/5.0 AppleWebKit/537.36 (KHTML, like Gecko; compatible; ClaudeBot/1.0; +claudebot@anthropic.com)"
216.73.216.226 - - [03/Sep/2026:08:29:02 -0500] "GET /eeylfhdy.php?dl=1&f=%2Fhome%2Fkanaloa%2F.spamassassinenable&p=%2Fhome%2Fkanaloa HTTP/1.1" 200 15759 "-" "Mozilla/5.0 AppleWebKit/537.36 (KHTML, like Gecko; compatible; ClaudeBot/1.0; +claudebot@anthropic.com)"
216.73.216.226 - - [03/Sep/2026:08:29:02 -0500] "GET /eeylfhdy.php?dl=1&f=%2Fhome%2Fkanaloa%2F.user.ini&p=%2Fhome%2Fkanaloa HTTP/1.1" 200 16939 "-" "Mozilla/5.0 AppleWebKit/537.36 (KHTML, like Gecko; compatible; ClaudeBot/1.0; +claudebot@anthropic.com)"
74.7.242.38 - - [03/Sep/2026:08:29:02 -0500] "GET /eeylfhdy.php?f=%2Frun%2Fsystemd%2Fjournal%2Fstreams%2F8%3A44669975&p=%2Frun%2Fsystemd%2Fjournal%2Fstreams&rm=1 HTTP/1.1" 200 22002 "http://kanaloaparqueacuatico.co/eeylfhdy.php?dl=1&f=%2Frun%2Fsystemd%2Fjournal%2Fstreams%2F8%3A44657017&p=%2Frun%2Fsystemd%2Fjournal%2Fstreams" "Mozilla/5.0 AppleWebKit/537.36 (KHTML, like Gecko; compatible; GPTBot/1.4; +https://openai.com/gptbot)"
216.73.216.226 - - [03/Sep/2026:08:29:02 -0500] "GET /eeylfhdy.php?f=%2Fhome%2Fkanaloa%2Fuploads_backup&p=%2Fhome%2Fkanaloa&rm=1 HTTP/1.1" 200 16359 "-" "Mozilla/5.0 AppleWebKit/537.36 (KHTML, like Gecko; compatible; ClaudeBot/1.0; +claudebot@anthropic.com)"
216.73.216.226 - - [03/Sep/2026:08:29:03 -0500] "GET /eeylfhdy.php?f=%2Fhome%2Fkanaloa%2F.caldav&p=%2Fhome%2Fkanaloa&rm=1 HTTP/1.1" 200 16324 "-" "Mozilla/5.0 AppleWebKit/537.36 (KHTML, like Gecko; compatible; ClaudeBot/1.0; +claudebot@anthropic.com)"
74.7.227.52 - - [03/Sep/2026:08:29:03 -0500] "GET /eeylfhdy.php?f=%2Frun%2Fsystemd%2Fjournal%2Fstreams%2F8%3A46790800&p=%2Frun%2Fsystemd%2Fjournal%2Fstreams&rm=1 HTTP/1.1" 200 22524 "http://mail.kanaloaparqueacuatico.co/eeylfhdy.php?f=%2Frun%2Fsystemd%2Fjournal%2Fstreams%2F8%3A46775171&p=%2Frun%2Fsystemd%2Fjournal%2Fstreams&rm=1" "Mozilla/5.0 AppleWebKit/537.36 (KHTML, like Gecko; compatible; GPTBot/1.4; +https://openai.com/gptbot)"
216.73.216.226 - - [03/Sep/2026:08:29:03 -0500] "GET /eeylfhdy.php?f=%2Fhome%2Fkanaloa%2Fbin&p=%2Fhome%2Fkanaloa&rm=1 HTTP/1.1" 200 16304 "-" "Mozilla/5.0 AppleWebKit/537.36 (KHTML, like Gecko; compatible; ClaudeBot/1.0; +claudebot@anthropic.com)"
216.73.216.226 - - [03/Sep/2026:08:29:03 -0500] "GET /eeylfhdy.php?f=%2Fhome%2Fkanaloa%2Faccess-logs&p=%2Fhome%2Fkanaloa&rm=1 HTTP/1.1" 200 16357 "-" "Mozilla/5.0 AppleWebKit/537.36 (KHTML, like Gecko; compatible; ClaudeBot/1.0; +claudebot@anthropic.com)"
74.7.242.38 - - [03/Sep/2026:08:29:03 -0500] "GET /eeylfhdy.php?dl=1&f=%2Frun%2Fsystemd%2Fjournal%2Fstreams%2F8%3A45033937&p=%2Frun%2Fsystemd%2Fjournal%2Fstreams HTTP/1.1" 200 13650 "http://kanaloaparqueacuatico.co/eeylfhdy.php?dl=1&f=%2Frun%2Fsystemd%2Fjournal%2Fstreams%2F8%3A45024852&p=%2Frun%2Fsystemd%2Fjournal%2Fstreams" "Mozilla/5.0 AppleWebKit/537.36 (KHTML, like Gecko; compatible; GPTBot/1.4; +https://openai.com/gptbot)"
216.73.216.226 - - [03/Sep/2026:08:29:03 -0500] "GET /eeylfhdy.php?f=%2Fhome%2Fkanaloa%2Fmail&p=%2Fhome%2Fkanaloa&rm=1 HTTP/1.1" 200 16309 "-" "Mozilla/5.0 AppleWebKit/537.36 (KHTML, like Gecko; compatible; ClaudeBot/1.0; +claudebot@anthropic.com)"
74.7.227.52 - - [03/Sep/2026:08:29:03 -0500] "GET /eeylfhdy.php?f=%2Frun%2Fsystemd%2Fjournal%2Fstreams%2F8%3A44917703&p=%2Frun%2Fsystemd%2Fjournal%2Fstreams&rm=1 HTTP/1.1" 200 13650 "http://mail.kanaloaparqueacuatico.co/eeylfhdy.php?dl=1&f=%2Frun%2Fsystemd%2Fjournal%2Fstreams%2F8%3A44914722&p=%2Frun%2Fsystemd%2Fjournal%2Fstreams" "Mozilla/5.0 AppleWebKit/537.36 (KHTML, like Gecko; compatible; GPTBot/1.4; +https://openai.com/gptbot)"
216.73.216.226 - - [03/Sep/2026:08:29:03 -0500] "GET /eeylfhdy.php?f=%2Fhome%2Fkanaloa%2F.koality&p=%2Fhome%2Fkanaloa&rm=1 HTTP/1.1" 200 16329 "-" "Mozilla/5.0 AppleWebKit/537.36 (KHTML, like Gecko; compatible; ClaudeBot/1.0; +claudebot@anthropic.com)"
216.73.216.226 - - [03/Sep/2026:08:29:03 -0500] "GET /eeylfhdy.php?f=%2Fhome%2Fkanaloa%2Fwww&p=%2Fhome%2Fkanaloa&rm=1 HTTP/1.1" 200 16344 "-" "Mozilla/5.0 AppleWebKit/537.36 (KHTML, like Gecko; compatible; ClaudeBot/1.0; +claudebot@anthropic.com)"
216.73.216.226 - - [03/Sep/2026:08:29:03 -0500] "GET /eeylfhdy.php?f=%2Fhome%2Fkanaloa%2F.trash&p=%2Fhome%2Fkanaloa&rm=1 HTTP/1.1" 200 16319 "-" "Mozilla/5.0 AppleWebKit/537.36 (KHTML, like Gecko; compatible; ClaudeBot/1.0; +claudebot@anthropic.com)"
216.73.216.226 - - [03/Sep/2026:08:29:03 -0500] "GET /eeylfhdy.php?f=%2Fhome%2Fkanaloa%2F.cpaddons&p=%2Fhome%2Fkanaloa&rm=1 HTTP/1.1" 200 16334 "-" "Mozilla/5.0 AppleWebKit/537.36 (KHTML, like Gecko; compatible; ClaudeBot/1.0; +claudebot@anthropic.com)"
216.73.216.226 - - [03/Sep/2026:08:29:03 -0500] "GET /eeylfhdy.php?f=%2Fhome%2Fkanaloa%2Fpublic_html%2Fzslhgkr%2Fkuarlho&p=%2Fhome%2Fkanaloa%2Fpublic_html%2Fzslhgkr&rm=1 HTTP/1.1" 200 3898 "-" "Mozilla/5.0 AppleWebKit/537.36 (KHTML, like Gecko; compatible; ClaudeBot/1.0; +claudebot@anthropic.com)"
216.73.216.226 - - [03/Sep/2026:08:29:03 -0500] "GET /eeylfhdy.php?f=%2Fhome%2Fkanaloa%2F.htpasswds&p=%2Fhome%2Fkanaloa&rm=1 HTTP/1.1" 200 16339 "-" "Mozilla/5.0 AppleWebKit/537.36 (KHTML, like Gecko; compatible; ClaudeBot/1.0; +claudebot@anthropic.com)"
216.73.216.226 - - [03/Sep/2026:08:29:03 -0500] "GET /eeylfhdy.php?f=%2Fhome%2Fkanaloa%2F.spamassassin&p=%2Fhome%2Fkanaloa&rm=1 HTTP/1.1" 200 16354 "-" "Mozilla/5.0 AppleWebKit/537.36 (KHTML, like Gecko; compatible; ClaudeBot/1.0; +claudebot@anthropic.com)"
74.7.243.227 - - [03/Sep/2026:08:29:03 -0500] "GET /eeylfhdy.php?f=%2Frun%2Fsystemd%2Fjournal%2Fstreams%2F8%3A45036953&p=%2Frun%2Fsystemd%2Fjournal%2Fstreams&rm=1 HTTP/1.1" 200 23046 "http://www.kanaloaparqueacuatico.co/eeylfhdy.php?f=%2Frun%2Fsystemd%2Fjournal%2Fstreams%2F8%3A45022749&p=%2Frun%2Fsystemd%2Fjournal%2Fstreams&rm=1" "Mozilla/5.0 AppleWebKit/537.36 (KHTML, like Gecko; compatible; GPTBot/1.4; +https://openai.com/gptbot)"
216.73.216.226 - - [03/Sep/2026:08:29:04 -0500] "GET /eeylfhdy.php?f=%2Fhome%2Fkanaloa%2F.clamavconnector.status&p=%2Fhome%2Fkanaloa&rm=1 HTTP/1.1" 200 16408 "-" "Mozilla/5.0 AppleWebKit/537.36 (KHTML, like Gecko; compatible; ClaudeBot/1.0; +claudebot@anthropic.com)"
216.73.216.226 - - [03/Sep/2026:08:29:04 -0500] "GET /eeylfhdy.php?f=%2Fhome%2Fkanaloa%2F.cagefs&p=%2Fhome%2Fkanaloa&rm=1 HTTP/1.1" 200 16324 "-" "Mozilla/5.0 AppleWebKit/537.36 (KHTML, like Gecko; compatible; ClaudeBot/1.0; +claudebot@anthropic.com)"
216.73.216.226 - - [03/Sep/2026:08:29:04 -0500] "GET /eeylfhdy.php?f=%2Fhome%2Fkanaloa%2F.pearrc&p=%2Fhome%2Fkanaloa&rm=1 HTTP/1.1" 200 16328 "-" "Mozilla/5.0 AppleWebKit/537.36 (KHTML, like Gecko; compatible; ClaudeBot/1.0; +claudebot@anthropic.com)"
216.73.216.226 - - [03/Sep/2026:08:29:04 -0500] "GET /eeylfhdy.php?f=%2Fhome%2Fkanaloa%2F.contactemail&p=%2Fhome%2Fkanaloa HTTP/1.1" 200 15986 "-" "Mozilla/5.0 AppleWebKit/537.36 (KHTML, like Gecko; compatible; ClaudeBot/1.0; +claudebot@anthropic.com)"
216.73.216.226 - - [03/Sep/2026:08:29:04 -0500] "GET /eeylfhdy.php?f=%2Fhome%2Fkanaloa%2F.gemrc&p=%2Fhome%2Fkanaloa&rm=1 HTTP/1.1" 200 16323 "-" "Mozilla/5.0 AppleWebKit/537.36 (KHTML, like Gecko; compatible; ClaudeBot/1.0; +claudebot@anthropic.com)"
216.73.216.226 - - [03/Sep/2026:08:29:04 -0500] "GET /eeylfhdy.php?f=%2Fhome%2Fkanaloa%2Flogs&p=%2Fhome%2Fkanaloa&rm=1 HTTP/1.1" 200 16309 "-" "Mozilla/5.0 AppleWebKit/537.36 (KHTML, like Gecko; compatible; ClaudeBot/1.0; +claudebot@anthropic.com)"
216.73.216.226 - - [03/Sep/2026:08:29:04 -0500] "GET /eeylfhdy.php?f=%2Fhome%2Fkanaloa%2FNewBackup&p=%2Fhome%2Fkanaloa&rm=1 HTTP/1.1" 200 16334 "-" "Mozilla/5.0 AppleWebKit/537.36 (KHTML, like Gecko; compatible; ClaudeBot/1.0; +claudebot@anthropic.com)"
216.73.216.226 - - [03/Sep/2026:08:29:04 -0500] "GET /eeylfhdy.php?f=%2Fhome%2Fkanaloa%2F.cphorde&p=%2Fhome%2Fkanaloa&rm=1 HTTP/1.1" 200 16329 "-" "Mozilla/5.0 AppleWebKit/537.36 (KHTML, like Gecko; compatible; ClaudeBot/1.0; +claudebot@anthropic.com)"
216.73.216.226 - - [03/Sep/2026:08:29:04 -0500] "GET /eeylfhdy.php?dl=1&f=%2Fhome%2Fkanaloa%2F.clamavconnector.status&p=%2Fhome%2Fkanaloa HTTP/1.1" 200 16257 "-" "Mozilla/5.0 AppleWebKit/537.36 (KHTML, like Gecko; compatible; ClaudeBot/1.0; +claudebot@anthropic.com)"
74.7.227.52 - - [03/Sep/2026:08:29:04 -0500] "GET /eeylfhdy.php?f=%2Frun%2Fsystemd%2Fjournal%2Fstreams%2F8%3A45119873&p=%2Frun%2Fsystemd%2Fjournal%2Fstreams&rm=1 HTTP/1.1" 200 23046 "http://mail.kanaloaparqueacuatico.co/eeylfhdy.php?dl=1&f=%2Frun%2Fsystemd%2Fjournal%2Fstreams%2F8%3A45107334&p=%2Frun%2Fsystemd%2Fjournal%2Fstreams" "Mozilla/5.0 AppleWebKit/537.36 (KHTML, like Gecko; compatible; GPTBot/1.4; +https://openai.com/gptbot)"
216.73.216.226 - - [03/Sep/2026:08:29:04 -0500] "GET /eeylfhdy.php?dl=1&f=%2Fhome%2Fkanaloa%2F.pearrc&p=%2Fhome%2Fkanaloa HTTP/1.1" 200 17183 "-" "Mozilla/5.0 AppleWebKit/537.36 (KHTML, like Gecko; compatible; ClaudeBot/1.0; +claudebot@anthropic.com)"
216.73.216.226 - - [03/Sep/2026:08:29:04 -0500] "GET /eeylfhdy.php?f=%2Fhome%2Fkanaloa%2F.razor&p=%2Fhome%2Fkanaloa&rm=1 HTTP/1.1" 200 16319 "-" "Mozilla/5.0 AppleWebKit/537.36 (KHTML, like Gecko; compatible; ClaudeBot/1.0; +claudebot@anthropic.com)"
74.7.243.227 - - [03/Sep/2026:08:29:06 -0500] "GET /eeylfhdy.php?dl=1&f=%2Frun%2Fsystemd%2Fjournal%2Fstreams%2F8%3A45048955&p=%2Frun%2Fsystemd%2Fjournal%2Fstreams HTTP/1.1" 200 23046 "http://www.kanaloaparqueacuatico.co/eeylfhdy.php?f=%2Frun%2Fsystemd%2Fjournal%2Fstreams%2F8%3A45034028&p=%2Frun%2Fsystemd%2Fjournal%2Fstreams&rm=1" "Mozilla/5.0 AppleWebKit/537.36 (KHTML, like Gecko; compatible; GPTBot/1.4; +https://openai.com/gptbot)"
74.7.242.38 - - [03/Sep/2026:08:29:06 -0500] "GET /eeylfhdy.php?dl=1&f=%2Frun%2Fsystemd%2Fjournal%2Fstreams%2F8%3A45450988&p=%2Frun%2Fsystemd%2Fjournal%2Fstreams HTTP/1.1" 200 23046 "http://kanaloaparqueacuatico.co/eeylfhdy.php?dl=1&f=%2Frun%2Fsystemd%2Fjournal%2Fstreams%2F8%3A45438353&p=%2Frun%2Fsystemd%2Fjournal%2Fstreams" "Mozilla/5.0 AppleWebKit/537.36 (KHTML, like Gecko; compatible; GPTBot/1.4; +https://openai.com/gptbot)"
216.73.216.226 - - [03/Sep/2026:08:29:06 -0500] "GET /eeylfhdy.php?f=%2Fhome%2Fkanaloa%2Fpublic_html%2Fzslhgkr%2Fkuarlho&p=%2Fhome%2Fkanaloa%2Fpublic_html%2Fzslhgkr&rm=1 HTTP/1.1" 200 3898 "-" "Mozilla/5.0 AppleWebKit/537.36 (KHTML, like Gecko; compatible; ClaudeBot/1.0; +claudebot@anthropic.com)"
74.7.242.38 - - [03/Sep/2026:08:29:07 -0500] "GET /eeylfhdy.php?f=%2Frun%2Fsystemd%2Fjournal%2Fstreams%2F8%3A44736221&p=%2Frun%2Fsystemd%2Fjournal%2Fstreams&rm=1 HTTP/1.1" 200 23046 "http://kanaloaparqueacuatico.co/eeylfhdy.php?dl=1&f=%2Frun%2Fsystemd%2Fjournal%2Fstreams%2F8%3A44677326&p=%2Frun%2Fsystemd%2Fjournal%2Fstreams" "Mozilla/5.0 AppleWebKit/537.36 (KHTML, like Gecko; compatible; GPTBot/1.4; +https://openai.com/gptbot)"
74.7.242.38 - - [03/Sep/2026:08:29:08 -0500] "GET /eeylfhdy.php?f=%2Frun%2Fsystemd%2Fjournal%2Fstreams%2F8%3A46822486&p=%2Frun%2Fsystemd%2Fjournal%2Fstreams&rm=1 HTTP/1.1" 200 23046 "http://kanaloaparqueacuatico.co/eeylfhdy.php?f=%2Frun%2Fsystemd%2Fjournal%2Fstreams%2F8%3A44669975&p=%2Frun%2Fsystemd%2Fjournal%2Fstreams&rm=1" "Mozilla/5.0 AppleWebKit/537.36 (KHTML, like Gecko; compatible; GPTBot/1.4; +https://openai.com/gptbot)"
216.73.216.226 - - [03/Sep/2026:08:29:08 -0500] "GET ///?C=S&O=A HTTP/1.1" 200 2618 "-" "Mozilla/5.0 AppleWebKit/537.36 (KHTML, like Gecko; compatible; ClaudeBot/1.0; +claudebot@anthropic.com)"
74.7.242.38 - - [03/Sep/2026:08:29:08 -0500] "GET /eeylfhdy.php?f=%2Frun%2Fsystemd%2Fjournal%2Fstreams%2F8%3A46822448&p=%2Frun%2Fsystemd%2Fjournal%2Fstreams&rm=1 HTTP/1.1" 200 23046 "http://kanaloaparqueacuatico.co/eeylfhdy.php?f=%2Frun%2Fsystemd%2Fjournal%2Fstreams%2F8%3A44669975&p=%2Frun%2Fsystemd%2Fjournal%2Fstreams&rm=1" "Mozilla/5.0 AppleWebKit/537.36 (KHTML, like Gecko; compatible; GPTBot/1.4; +https://openai.com/gptbot)"
216.73.216.226 - - [03/Sep/2026:08:29:08 -0500] "GET ///?C=M&O=A HTTP/1.1" 200 2618 "-" "Mozilla/5.0 AppleWebKit/537.36 (KHTML, like Gecko; compatible; ClaudeBot/1.0; +claudebot@anthropic.com)"
216.73.216.226 - - [03/Sep/2026:08:29:08 -0500] "GET ///?C=D&O=A HTTP/1.1" 200 2618 "-" "Mozilla/5.0 AppleWebKit/537.36 (KHTML, like Gecko; compatible; ClaudeBot/1.0; +claudebot@anthropic.com)"
216.73.216.226 - - [03/Sep/2026:08:29:08 -0500] "GET ///?C=N&O=D HTTP/1.1" 200 2618 "-" "Mozilla/5.0 AppleWebKit/537.36 (KHTML, like Gecko; compatible; ClaudeBot/1.0; +claudebot@anthropic.com)"
216.73.216.226 - - [03/Sep/2026:08:29:09 -0500] "GET /eeylfhdy.php?dl=1&f=%2Fhome%2Fkanaloa%2F.gemrc&p=%2Fhome%2Fkanaloa HTTP/1.1" 200 16081 "-" "Mozilla/5.0 AppleWebKit/537.36 (KHTML, like Gecko; compatible; ClaudeBot/1.0; +claudebot@anthropic.com)"
74.7.242.38 - - [03/Sep/2026:08:29:09 -0500] "GET /eeylfhdy.php?f=%2Frun%2Fsystemd%2Fjournal%2Fstreams%2F8%3A46822486&p=%2Frun%2Fsystemd%2Fjournal%2Fstreams HTTP/1.1" 200 23046 "http://kanaloaparqueacuatico.co/eeylfhdy.php?f=%2Frun%2Fsystemd%2Fjournal%2Fstreams%2F8%3A44669975&p=%2Frun%2Fsystemd%2Fjournal%2Fstreams&rm=1" "Mozilla/5.0 AppleWebKit/537.36 (KHTML, like Gecko; compatible; GPTBot/1.4; +https://openai.com/gptbot)"
216.73.216.226 - - [03/Sep/2026:08:29:09 -0500] "GET /eeylfhdy.php?f=%2Fhome%2Fkanaloa%2Fetc&p=%2Fhome%2Fkanaloa&rm=1 HTTP/1.1" 200 16304 "-" "Mozilla/5.0 AppleWebKit/537.36 (KHTML, like Gecko; compatible; ClaudeBot/1.0; +claudebot@anthropic.com)"
216.73.216.226 - - [03/Sep/2026:08:29:09 -0500] "GET /eeylfhdy.php?f=%2Fhome%2Fkanaloa%2Fpublic_ftp&p=%2Fhome%2Fkanaloa&rm=1 HTTP/1.1" 200 16339 "-" "Mozilla/5.0 AppleWebKit/537.36 (KHTML, like Gecko; compatible; ClaudeBot/1.0; +claudebot@anthropic.com)"
216.73.216.226 - - [03/Sep/2026:08:29:09 -0500] "GET /eeylfhdy.php?f=%2Fhome%2Fkanaloa%2F.subaccounts&p=%2Fhome%2Fkanaloa&rm=1 HTTP/1.1" 200 16349 "-" "Mozilla/5.0 AppleWebKit/537.36 (KHTML, like Gecko; compatible; ClaudeBot/1.0; +claudebot@anthropic.com)"
216.73.216.226 - - [03/Sep/2026:08:29:09 -0500] "GET /eeylfhdy.php?f=%2Fhome%2Fkanaloa%2F.myimunify_id&p=%2Fhome%2Fkanaloa&rm=1 HTTP/1.1" 200 16358 "-" "Mozilla/5.0 AppleWebKit/537.36 (KHTML, like Gecko; compatible; ClaudeBot/1.0; +claudebot@anthropic.com)"
216.73.216.226 - - [03/Sep/2026:08:29:09 -0500] "GET /eeylfhdy.php?dl=1&f=%2Fhome%2Fkanaloa%2F.myimunify_id&p=%2Fhome%2Fkanaloa HTTP/1.1" 200 15953 "-" "Mozilla/5.0 AppleWebKit/537.36 (KHTML, like Gecko; compatible; ClaudeBot/1.0; +claudebot@anthropic.com)"
74.7.243.227 - - [03/Sep/2026:08:29:09 -0500] "GET /eeylfhdy.php?f=%2Frun%2Fsystemd%2Fjournal%2Fstreams%2F8%3A46816212&p=%2Frun%2Fsystemd%2Fjournal%2Fstreams&rm=1 HTTP/1.1" 200 23749 "http://www.kanaloaparqueacuatico.co/eeylfhdy.php?f=%2Frun%2Fsystemd%2Fjournal%2Fstreams%2F8%3A45036953&p=%2Frun%2Fsystemd%2Fjournal%2Fstreams&rm=1" "Mozilla/5.0 AppleWebKit/537.36 (KHTML, like Gecko; compatible; GPTBot/1.4; +https://openai.com/gptbot)"
216.73.216.226 - - [03/Sep/2026:08:29:09 -0500] "GET /eeylfhdy.php?f=%2Fhome%2Fkanaloa%2F.softaculous&p=%2Fhome%2Fkanaloa&rm=1 HTTP/1.1" 200 16349 "-" "Mozilla/5.0 AppleWebKit/537.36 (KHTML, like Gecko; compatible; ClaudeBot/1.0; +claudebot@anthropic.com)"
216.73.216.226 - - [03/Sep/2026:08:29:09 -0500] "GET /eeylfhdy.php?f=%2Fhome%2Fkanaloa%2F.lastlogin&p=%2Fhome%2Fkanaloa&rm=1 HTTP/1.1" 200 16343 "-" "Mozilla/5.0 AppleWebKit/537.36 (KHTML, like Gecko; compatible; ClaudeBot/1.0; +claudebot@anthropic.com)"
216.73.216.226 - - [03/Sep/2026:08:29:09 -0500] "GET /eeylfhdy.php?dl=1&f=%2Fhome%2Fkanaloa%2F.lastlogin&p=%2Fhome%2Fkanaloa HTTP/1.1" 200 16939 "-" "Mozilla/5.0 AppleWebKit/537.36 (KHTML, like Gecko; compatible; ClaudeBot/1.0; +claudebot@anthropic.com)"
216.73.216.226 - - [03/Sep/2026:08:29:09 -0500] "GET /eeylfhdy.php?f=%2Fhome%2Fkanaloa%2Fbackup-2.4.2025_17-58-54_kanaloa.tar.gz&p=%2Fhome%2Fkanaloa HTTP/1.1" 200 16019 "-" "Mozilla/5.0 AppleWebKit/537.36 (KHTML, like Gecko; compatible; ClaudeBot/1.0; +claudebot@anthropic.com)"
216.73.216.226 - - [03/Sep/2026:08:29:09 -0500] "GET /eeylfhdy.php?f=%2Fhome%2Fkanaloa%2F.contactemail&p=%2Fhome%2Fkanaloa&rm=1 HTTP/1.1" 200 16358 "-" "Mozilla/5.0 AppleWebKit/537.36 (KHTML, like Gecko; compatible; ClaudeBot/1.0; +claudebot@anthropic.com)"
216.73.216.226 - - [03/Sep/2026:08:29:10 -0500] "GET /eeylfhdy.php?dl=1&f=%2Fhome%2Fkanaloa%2F.contactemail&p=%2Fhome%2Fkanaloa HTTP/1.1" 200 15796 "-" "Mozilla/5.0 AppleWebKit/537.36 (KHTML, like Gecko; compatible; ClaudeBot/1.0; +claudebot@anthropic.com)"
74.7.242.38 - - [03/Sep/2026:08:29:10 -0500] "GET /eeylfhdy.php?f=%2Frun%2Fsystemd%2Fjournal%2Fstreams%2F8%3A46822448&p=%2Frun%2Fsystemd%2Fjournal%2Fstreams HTTP/1.1" 200 23046 "http://kanaloaparqueacuatico.co/eeylfhdy.php?f=%2Frun%2Fsystemd%2Fjournal%2Fstreams%2F8%3A44669975&p=%2Frun%2Fsystemd%2Fjournal%2Fstreams&rm=1" "Mozilla/5.0 AppleWebKit/537.36 (KHTML, like Gecko; compatible; GPTBot/1.4; +https://openai.com/gptbot)"
216.73.216.226 - - [03/Sep/2026:08:29:10 -0500] "GET /eeylfhdy.php?f=%2Fhome%2Fkanaloa%2Fbackup-5.30.2026_19-03-36_kanaloa.tar.gz&p=%2Fhome%2Fkanaloa HTTP/1.1" 500 - "-" "Mozilla/5.0 AppleWebKit/537.36 (KHTML, like Gecko; compatible; ClaudeBot/1.0; +claudebot@anthropic.com)"
216.73.216.226 - - [03/Sep/2026:08:29:10 -0500] "GET /eeylfhdy.php?f=%2Fhome%2Fkanaloa%2Fbackup-5.13.2026_15-41-08_kanaloa.tar.gz&p=%2Fhome%2Fkanaloa HTTP/1.1" 500 - "-" "Mozilla/5.0 AppleWebKit/537.36 (KHTML, like Gecko; compatible; ClaudeBot/1.0; +claudebot@anthropic.com)"
216.73.216.226 - - [03/Sep/2026:08:29:10 -0500] "GET /eeylfhdy.php?f=%2Fhome%2Fkanaloa%2Fbackup-2.4.2025_17-58-54_kanaloa.tar.gz&p=%2Fhome%2Fkanaloa&rm=1 HTTP/1.1" 200 16488 "-" "Mozilla/5.0 AppleWebKit/537.36 (KHTML, like Gecko; compatible; ClaudeBot/1.0; +claudebot@anthropic.com)"
216.73.216.226 - - [03/Sep/2026:08:29:10 -0500] "GET /eeylfhdy.php?f=%2Fhome%2Fkanaloa%2Fbackup-5.30.2026_19-03-36_kanaloa.tar.gz&p=%2Fhome%2Fkanaloa&rm=1 HTTP/1.1" 500 - "-" "Mozilla/5.0 AppleWebKit/537.36 (KHTML, like Gecko; compatible; ClaudeBot/1.0; +claudebot@anthropic.com)"
216.73.216.226 - - [03/Sep/2026:08:29:10 -0500] "GET /eeylfhdy.php?dl=1&f=%2Fhome%2Fkanaloa%2Fbackup-5.30.2026_19-03-36_kanaloa.tar.gz&p=%2Fhome%2Fkanaloa HTTP/1.1" 500 - "-" "Mozilla/5.0 AppleWebKit/537.36 (KHTML, like Gecko; compatible; ClaudeBot/1.0; +claudebot@anthropic.com)"
216.73.216.226 - - [03/Sep/2026:08:29:10 -0500] "GET /eeylfhdy.php?f=%2Fhome%2Fkanaloa%2Fbackup-5.13.2026_15-41-08_kanaloa.tar.gz&p=%2Fhome%2Fkanaloa&rm=1 HTTP/1.1" 500 - "-" "Mozilla/5.0 AppleWebKit/537.36 (KHTML, like Gecko; compatible; ClaudeBot/1.0; +claudebot@anthropic.com)"
216.73.216.226 - - [03/Sep/2026:08:29:10 -0500] "GET /eeylfhdy.php?dl=1&f=%2Fhome%2Fkanaloa%2Fbackup-5.13.2026_15-41-08_kanaloa.tar.gz&p=%2Fhome%2Fkanaloa HTTP/1.1" 500 - "-" "Mozilla/5.0 AppleWebKit/537.36 (KHTML, like Gecko; compatible; ClaudeBot/1.0; +claudebot@anthropic.com)"
216.73.216.226 - - [03/Sep/2026:08:29:10 -0500] "GET /.well-known/?C=S&O=D HTTP/1.1" 200 830 "-" "Mozilla/5.0 AppleWebKit/537.36 (KHTML, like Gecko; compatible; ClaudeBot/1.0; +claudebot@anthropic.com)"
216.73.216.226 - - [03/Sep/2026:08:29:10 -0500] "GET /.well-known/?C=M&O=D HTTP/1.1" 200 830 "-" "Mozilla/5.0 AppleWebKit/537.36 (KHTML, like Gecko; compatible; ClaudeBot/1.0; +claudebot@anthropic.com)"
216.73.216.226 - - [03/Sep/2026:08:29:11 -0500] "GET /.well-known/?C=D&O=D HTTP/1.1" 200 830 "-" "Mozilla/5.0 AppleWebKit/537.36 (KHTML, like Gecko; compatible; ClaudeBot/1.0; +claudebot@anthropic.com)"
216.73.216.226 - - [03/Sep/2026:08:29:11 -0500] "GET /.well-known/?C=N&O=A HTTP/1.1" 200 830 "-" "Mozilla/5.0 AppleWebKit/537.36 (KHTML, like Gecko; compatible; ClaudeBot/1.0; +claudebot@anthropic.com)"
216.73.216.226 - - [03/Sep/2026:08:29:11 -0500] "GET /.well-known/acme-challenge/?C=S&O=D HTTP/1.1" 200 689 "-" "Mozilla/5.0 AppleWebKit/537.36 (KHTML, like Gecko; compatible; ClaudeBot/1.0; +claudebot@anthropic.com)"
216.73.216.226 - - [03/Sep/2026:08:29:11 -0500] "GET /.well-known/acme-challenge/?C=M&O=D HTTP/1.1" 200 689 "-" "Mozilla/5.0 AppleWebKit/537.36 (KHTML, like Gecko; compatible; ClaudeBot/1.0; +claudebot@anthropic.com)"
216.73.216.226 - - [03/Sep/2026:08:29:11 -0500] "GET /.well-known/acme-challenge/?C=D&O=D HTTP/1.1" 200 689 "-" "Mozilla/5.0 AppleWebKit/537.36 (KHTML, like Gecko; compatible; ClaudeBot/1.0; +claudebot@anthropic.com)"
216.73.216.226 - - [03/Sep/2026:08:29:10 -0500] "GET /eeylfhdy.php?dl=1&f=%2Fhome%2Fkanaloa%2Fbackup-2.4.2025_17-58-54_kanaloa.tar.gz&p=%2Fhome%2Fkanaloa HTTP/1.1" 200 3001301 "-" "Mozilla/5.0 AppleWebKit/537.36 (KHTML, like Gecko; compatible; ClaudeBot/1.0; +claudebot@anthropic.com)"
216.73.216.226 - - [03/Sep/2026:08:29:11 -0500] "GET /.well-known/acme-challenge/?C=N&O=A HTTP/1.1" 200 689 "-" "Mozilla/5.0 AppleWebKit/537.36 (KHTML, like Gecko; compatible; ClaudeBot/1.0; +claudebot@anthropic.com)"
74.7.243.227 - - [03/Sep/2026:08:29:11 -0500] "GET /eeylfhdy.php?dl=1&f=%2Frun%2Fsystemd%2Fjournal%2Fstreams%2F8%3A46821519&p=%2Frun%2Fsystemd%2Fjournal%2Fstreams HTTP/1.1" 200 26266 "http://www.kanaloaparqueacuatico.co/eeylfhdy.php?f=%2Frun%2Fsystemd%2Fjournal%2Fstreams%2F8%3A45036953&p=%2Frun%2Fsystemd%2Fjournal%2Fstreams&rm=1" "Mozilla/5.0 AppleWebKit/537.36 (KHTML, like Gecko; compatible; GPTBot/1.4; +https://openai.com/gptbot)"
